{"id":157,"date":"2017-01-13T13:28:52","date_gmt":"2017-01-13T12:28:52","guid":{"rendered":"http:\/\/www.jardinature.net\/wordp\/?page_id=157"},"modified":"2018-09-03T12:50:24","modified_gmt":"2018-09-03T10:50:24","slug":"les-perles-du-maillon","status":"publish","type":"page","link":"https:\/\/www.maillon-gilly.be\/?page_id=157","title":{"rendered":"Les perles du Maillon"},"content":{"rendered":"<p>&nbsp;<\/p>\n<p align=\"center\"><i><span style=\"color: #000080; font-size: x-large;\">Les perles de 2018&#8230;<\/span><\/i><\/p>\n<p align=\"center\"><span style=\"font-size: large;\">Changement de m\u00e9dicament (certains comprim\u00e9s sont devenus des g\u00e9lules). Jos\u00e9 interpelle Myriam : <strong>\u00ab\u00a0Tu as mis des m\u00e9dicaments en plastique dans ma trousse ?\u00a0\u00bb<\/strong><\/span><\/p>\n<p align=\"center\"><span style=\"font-size: large;\">Lucile est au resto italien avec Miguel et Jos\u00e9. les plats arrivent avec des feuilles de basilic en garniture. <strong>Jos\u00e9 : \u00ab\u00a0Oh, ils ont mis des pissenlits sur les assiettes&#8230;\u00a0\u00bb<\/strong><\/span><\/p>\n<p align=\"center\"><span style=\"font-size: large;\">Lucile trie les vestes d&rsquo;hiver au porte-manteaux. Elle demande \u00e0 Jos\u00e9 d&rsquo;en tenir quelques-unes pour les porter \u00e0 la buanderie. <strong>Jos\u00e9<\/strong> veut aider mais quand m\u00eame pas trop&#8230; <strong>\u00ab\u00a0Ah \u00e7a, c&rsquo;est des loques pour porter \u00e0 la commune !\u00a0\u00bb (parc \u00e0 conteneurs)<\/strong><\/span><\/p>\n<p align=\"center\"><span style=\"font-size: large;\">Notre cuisini\u00e8re a pr\u00e9par\u00e9 des pizzas. <strong>Jos\u00e9<\/strong> les d\u00e9guste en compagnie de Lucile. <strong>\u00ab\u00a0Oh, il faudra dire \u00e0 No\u00eblla qu&rsquo;elle ne doit plus mettre de prunes dessus !\u00a0\u00bb<\/strong><\/span><\/p>\n<p>&nbsp;<\/p>\n<p align=\"center\"><i><span style=\"color: #000080; font-size: x-large;\">Les perles de 2017&#8230;<\/span><\/i><\/p>\n<p align=\"center\"><span style=\"font-size: large;\">Apr\u00e8s une activit\u00e9, Jessica, jeune \u00e9ducatrice, repasse chez elle avec Seb et C\u00e9dric. Elle vit chez ses parents. <strong>C\u00e9dric<\/strong> lui demande \u00e9tonn\u00e9 : <strong>\u00ab\u00a0Comment \u00e7a se fait que tes parents habitent chez toi ?\u00a0\u00bb<\/strong><\/span><\/p>\n<p align=\"center\"><span style=\"font-size: large;\">Notre <strong>Miguel<\/strong>, philosophe, demande \u00e0 C\u00e9cile (\u00e9duc) : <strong>\u00ab\u00a0Ca va la vie ?\u00a0\u00bb<\/strong>. Oui \u00e7a va, mais des fois c&rsquo;est compliqu\u00e9&#8230; <strong>\u00ab\u00a0Tu sais, la vie est bien faite, c&rsquo;est les hommes qui la compliquent !\u00a0\u00bb<\/strong><\/span><\/p>\n<p align=\"center\"><span style=\"font-size: large;\"><strong>Jos\u00e9<\/strong> explique qu&rsquo;il a regard\u00e9 la course cycliste. Lucile : \u00ab\u00a0et tu sais qui a gagn\u00e9 la course ?\u00a0\u00bb. <strong>Jos\u00e9 : \u00ab\u00a0Oui, c&rsquo;est Schumacker !\u00a0\u00bb<\/strong><\/span><\/p>\n<p align=\"center\"><span style=\"font-size: large;\">Au d\u00eener ce midi, c&rsquo;est du vol-au-vent. <strong>Jos\u00e9 : \u00ab\u00a0Hmmm, j&rsquo;aime bien la chair de poule\u00a0\u00bb.<\/strong> <strong>Yvan<\/strong> se ressert et veut de <strong>\u00ab\u00a0la poule au vent\u00a0\u00bb<\/strong>.<\/span><\/p>\n<p align=\"center\"><span style=\"font-size: large;\">Jos\u00e9 est all\u00e9 manger une pizza au resto le midi. Au moment du souper : tu ne manges pas Jos\u00e9 ? <strong>\u00ab\u00a0Ben non, j&rsquo;ai trop mang\u00e9 \u00e0 midi, je vais quand m\u00eame pas aller tout le temps \u00e0 la toilette &#8230;\u00a0\u00bb<\/strong><\/span><\/p>\n<p align=\"center\"><span style=\"font-size: large;\">Miguel pose 1000 et une questions \u00e0 C\u00e9cile : \u00ab\u00a0on va manger quoi au r\u00e9veillon ?&#8230; et apr\u00e8s on mange encore quoi ? &#8230; puis on va faire quoi ? &#8230;\u00a0\u00bb<br \/>\nC\u00e9cile : \u00ab\u00a0Mais qu&rsquo;est-ce qu&rsquo;on va faire de vous ?\u00a0\u00bb<br \/>\n<b>\u00ab\u00a0Miguel : \u00ab\u00a0de moi m&rsquo;chou, &#8230; rien du tout !\u00a0\u00bb<\/b><\/span><\/p>\n<p align=\"center\"><span style=\"font-size: large;\">Bernard demande \u00e0 Mina :<b> \u00ab\u00a0T&rsquo;as mang\u00e9 quoi au r\u00e9veillon ?\u00a0\u00bb<\/b><br \/>\n\u00ab\u00a0Oh c&rsquo;\u00e9tait traiteur\u00a0\u00bb<br \/>\n<b>\u00ab\u00a0Ah, y&rsquo;a un camion qui t&rsquo;a apport\u00e9 \u00e0 manger ?&#8230;\u00a0\u00bb<\/b><\/span><\/p>\n<p align=\"center\"><span style=\"font-size: large;\">Nathalie offre un bracelet en \u00e9lastique \u00e0 marie W qui la remercie<br \/>\n\u00ab\u00a0Oh merci Nathalie, tu m&rsquo;offres toujours des petites choses que tu fais, c&rsquo;est sympa, \u00e7a me fait plaisir&#8230;\u00a0\u00bb<br \/>\n<b>Nathalie : \u00ab\u00a0Oui, il est trop petit pour St\u00e9phanie&#8230; !<\/b><\/span><\/p>\n<p align=\"center\"><span style=\"font-size: large;\">C\u00e9cile a mal au dos. Lucile lui donne les coordonn\u00e9es de son ost\u00e9opathe.<br \/>\nJacques se l\u00e8ve de table et se joint \u00e0 la conversation :<br \/>\n<b>\u00ab\u00a0C\u00e9cile, moi j&rsquo;ai un v\u00e9t\u00e9rinaire pour cheval qui vient tr\u00e8s rapidement&#8230;\u00a0\u00bb<\/b><\/span><\/p>\n<p>&nbsp;<\/p>\n<p align=\"center\"><i><span style=\"color: #000080; font-size: x-large;\">Les perles de 2016&#8230;<\/span><\/i><\/p>\n<p align=\"center\"><span style=\"font-size: large;\">Jos\u00e9 regarde les pieds de Chantal<br \/>\n<b>\u00ab\u00a0Oh, tu as mis du rouge \u00e0 l\u00e8vres sur tes orteils !!!\u00a0\u00bb<\/b> (vernis)<\/span><\/p>\n<p align=\"center\"><span style=\"font-size: large;\">Notre dernier petit r\u00e9sident discute avec C\u00e9cile &#8230; il s&rsquo;inqui\u00e8te, il voudrait une petite copine mais n&rsquo;en trouve pas &#8230;<br \/>\n<b>Miguel<\/b> (72 ans) : <b>\u00ab\u00a0Et gamin, pourquoi tu t&rsquo;inqui\u00e8tes ?&#8230; les filles, \u00e7a vient&#8230;, \u00e7a te ruine&#8230;, et \u00e7a repart !\u00a0\u00bb<\/b><\/span><\/p>\n<p align=\"center\"><span style=\"font-size: large;\"><b>Jos\u00e9 : \u00ab\u00a0Isabeeeeelle&#8230;, viens manger, les frites sont m\u00fbres\u00a0\u00bb<\/b><\/span><\/p>\n<p align=\"center\"><span style=\"font-size: large;\">Aujourd\u2019hui Christopher a 20 ans. Tout le monde chante \u00ab joyeux anniversaire \u00bb.<br \/>\n<b>Jos\u00e9 (la soixantaine bien faite) : \u00ab Oooh, il a le m\u00eame \u00e2ge que moi ! \u00bb<\/b><\/span><\/p>\n<p align=\"center\"><span style=\"font-size: large;\">Le papa de Virginie demande \u00e0 Bernard \u2013 \u00ab et toi, Bernard, pourquoi es-tu au Maillon ? \u00bb<br \/>\n<b>Bernard : \u00ab je ne sais pas lire, je ne sais pas \u00e9crire, et je ne r\u00e9fl\u00e9chis pas correctement \u00bb<\/b><\/span><\/p>\n<p align=\"center\"><span style=\"font-size: large;\">Jos\u00e9 R : \u00ab MMmm, j\u2019ai bu un \u00ab capitcho bambino \u00bb et c\u2019\u00e9tait bon (cap-pucino)<\/span><\/p>\n<p align=\"center\"><span style=\"font-size: large;\">Une camionnette de livraison arrive..<br \/>\n<b>Jos\u00e9 R : &#8211; \u00ab Ah, y\u2019a le marchand de colis qui est l\u00e0 ! \u00bb<\/b><\/span><\/p>\n<p align=\"center\"><span style=\"font-size: large;\">La porte de mon bureau est ouverte&#8230; <b>D\u00e9sir\u00e9<\/b> qui passait par l\u00e0, vient me dire un petit bonjour :<br \/>\n<b>&#8211; \u00ab\u00a0Ah, je suis en forme, cette nuit-ci j&rsquo;ai vraiment bien dormi<\/b><br \/>\n<b>&#8230; j&rsquo;ai dormi comme un plomb !\u00a0\u00bb<\/b><\/span><\/p>\n<p align=\"center\"><span style=\"font-size: large;\">A table, nous discutons des op\u00e9rations d\u00e9j\u00e0 subies par chacun&#8230;<br \/>\n<b>D\u00e9sir\u00e9<\/b> : \u00ab\u00a0on m&rsquo;a retir\u00e9 des pierres \u00e0 la v\u00e9hicule\u00a0\u00bb<br \/>\n<b>Et toi Jacques ? \u00ab\u00a0moi rien&#8230; j&rsquo;ai encore tous mes morceaux !\u00a0\u00bb<\/b><\/span><\/p>\n<p align=\"center\"><span style=\"font-size: large;\">Lors de l&rsquo;atelier beaut\u00e9, Aurore apporte un CD de C\u00e9line Dion.<br \/>\n<b>Nathalie <\/b>lui dit :<b> \u00ab\u00a0Et tu sais, C\u00e9line Dion, elle est b\u00e8b\u00e8quoise\u00a0\u00bb<\/b><\/span><\/p>\n<p>&nbsp;<\/p>\n<p align=\"center\"><i><span style=\"color: #000080; font-size: x-large;\">Les perles de 2015&#8230;<\/span><\/i><\/p>\n<p align=\"center\"><span style=\"font-size: large;\">La nouvelle construction prend forme&#8230; Un ouvrier a ouvert un rouleau d&rsquo;isolation pour pouvoir le couper.<br \/>\nJos\u00e9 regarde par la fen\u00eatre :<br \/>\n<b>&#8211; \u00ab\u00a0Oooh, l&rsquo;homme il met du balatum sur le parking !\u00a0\u00bb<\/b><\/span><\/p>\n<p align=\"center\"><span style=\"font-size: large;\"><b>Christopher<\/b> est un grand fan de Micka\u00ebl Jackson et plus particuli\u00e8rement de Thriller&#8230; Il danse sur la musique, et me demande :<br \/>\n&#8211; \u00ab\u00a0Il est mort Micka\u00ebl Jackson ?\u00a0\u00bb<br \/>\n&#8211; \u00ab\u00a0Oui, il est mort !\u00a0\u00bb<br \/>\n&#8211; <b>\u00ab\u00a0Mais non, il est pas mort hein &#8230; le cercueil est vide&#8230; ! Il est parti en avion !\u00a0\u00bb<\/b><\/span><\/p>\n<p align=\"center\"><span style=\"font-size: large;\">Au retour du cin\u00e9ma, <b>Aurore<\/b> discute avec <b>Christophe<\/b> et lui demande&#8230;<br \/>\n&#8211; \u00ab\u00a0Tu es handicap\u00e9 aussi toi&#8230; tu as combien de chromosome ?\u00a0\u00bb<br \/>\n&#8211; <b>\u00ab\u00a0Oh \u00e7a c&rsquo;est pas mon domaine, moi je ne m&rsquo;occupe pas de chromosomes&#8230;\u00a0\u00bb<\/b><\/span><\/p>\n<p align=\"center\"><span style=\"font-size: large;\">Jennifer lave les cheveux d&rsquo;<b>Yvan<\/b><br \/>\n&#8211; \u00ab\u00a0Oh, tu as des cro\u00fbtes dans tes cheveux\u00a0\u00bb<br \/>\n&#8211; \u00ab\u00a0Ben oui, comme les tartines\u00a0\u00bb !<\/span><\/p>\n<p align=\"center\"><span style=\"font-size: large;\"><b>Robert<\/b> montre sa cicatrice \u00e0 la main \u00e0 Charlotte<br \/>\n&#8211; \u00ab\u00a0Tu as \u00e9t\u00e9 op\u00e9r\u00e9 de quoi ?\u00a0\u00bb<br \/>\n&#8211; <b>\u00a0\u00bb du calepin \u00ab\u00a0<\/b> (canal carpien !)<\/span><\/p>\n<p align=\"center\"><span style=\"font-size: large;\">Comme presque chaque jour \u00e0 son retour d&rsquo;ateliers, <b>Christian<\/b> d\u00e9boule dans mon bureau&#8230;<br \/>\nAujourd&rsquo;hui, il me montre que son pantalon descend un peu&#8230; mais tr\u00e8s l\u00e9g\u00e8rement !<br \/>\n<b>&#8211; \u00ab\u00a0Regarde, je maigris moi &#8230; je suis presque fondu !\u00a0\u00bb<\/b><\/span><\/p>\n<p>&nbsp;<\/p>\n<p align=\"center\"><i><span style=\"color: #000080; font-size: x-large;\">Les perles de 2014&#8230;<\/span><\/i><\/p>\n<p align=\"center\"><span style=\"font-size: large;\"><b>Le scanner vu par Jos\u00e9.<\/b><br \/>\n\u00ab J\u2019ai \u00e9t\u00e9 dans un appareil \u00e0 l\u2019h\u00f4pital. Ils ont regard\u00e9 si j\u2019\u00e9tais bien\u2026<br \/>\nC\u2019est un appareil automatique et j\u2019\u00e9tais en dessous. C\u2019\u00e9tait gai, je me suis<br \/>\ncouch\u00e9 sur mon dos, \u00e7a montait, \u00e7a redescendait et \u00e7a faisait \u00ab cliiiiic \u00bb<br \/>\n\u00ab cliiiiiiiiiiiiiiic \u00bb et il y avait tout plein de petites \u00e9toiles en dessous de<br \/>\nl\u2019appareil.<\/span><\/p>\n<p align=\"center\"><span style=\"font-size: large;\"><br \/>\nEt le docteur a piqu\u00e9 une aiguille dans mon bras, et il a mis un pansement.<br \/>\nEt Myriam elle est rentr\u00e9e dedans aussi et elle a regard\u00e9 si j\u2019\u00e9tais bien couch\u00e9.<br \/>\nPuis j\u2019ai vu le docteur et il a dit que \u00e7a va beaucoup mieux\u2026 \u00bb<\/span><\/p>\n<p align=\"center\"><span style=\"font-size: large;\"><b>Journ\u00e9e de formation au Maillon.<\/b><br \/>\nLes \u00e9ducatrices mangent ensembles autour de G\u00e9rard qui est rest\u00e9 \u00e0 table apr\u00e8s le d\u00eener.<br \/>\nJos\u00e9 passe par l\u00e0 \u2026<br \/>\n\u00ab comment \u00e7a se fait que G\u00e9rard est \u00e0 la r\u00e9union lui ? \u00bb<\/span><\/p>\n<p align=\"center\"><span style=\"font-size: large;\"><b>En minibus\u2026 il commence \u00e0 pleuvoir.<\/b><br \/>\nJos\u00e9 dit \u00e0 Marie-Line<br \/>\n\u00ab fais aller tes coucous \u00bb (essuies glace)<\/span><\/p>\n<p align=\"center\"><span style=\"font-size: large;\"><br \/>\n<b>Jos\u00e9 :<\/b><br \/>\n\u00ab Oh, No\u00eblla a oubli\u00e9 sa fleur dans la cuisine \u2026<br \/>\nElle va pas fondre avec la vapeur ? \u00bb<\/span><\/p>\n<p align=\"center\"><span style=\"font-size: large;\"><b>D\u00e9but d\u00e9cembre \u2026 No\u00eblla nous fait d\u00e9guster un morceau de tarte.<\/b><br \/>\nJos\u00e9 qui passait par l\u00e0 &#8230;<br \/>\n\u00ab Vous faites des galettes dans ton bureau ? Tu r\u00e9p\u00e8tes pour le march\u00e9 de No\u00ebl ? \u00bb<\/span><\/p>\n<p align=\"center\"><span style=\"font-size: large;\"><b>Ben sort de l&rsquo;infirmerie<\/b><br \/>\n\u00a0\u00bb j&rsquo;ai mis des yeux dans mes gouttes ! \u00ab\u00a0<\/span><\/p>\n<p align=\"center\"><span style=\"font-size: large;\"><b>Miguel chante Johnny mais il a mis le \u00ab turbo \u00bb<\/b><br \/>\nChante moins vite \u2026<br \/>\nJe ne sais pas, je n\u2019ai pas de dents !<\/span><\/p>\n<p align=\"center\"><span style=\"font-size: large;\"><b>Jos\u00e9 accueille Sophie en l\u2019embrassant<\/b><br \/>\nBonjour ma crotte \u2026 oh tu as mis de la cocotte \u2026<br \/>\nOui j\u2019en ai mis mais il y a longtemps \u2026<br \/>\nmais on dirait que tu as mis du jus de pommes<br \/>\nAh, je viens de manger une mandarine \u2026 !<\/span><\/p>\n<p align=\"center\"><span style=\"font-size: large;\"><b>Je demande \u00e0 Sophie de venir chercher des infos dans mon bureau<\/b><br \/>\nJos\u00e9, tr\u00e8s s\u00e9rieux, &#8211; \u00ab Annick t\u2019appelle, tu vas avoir ton dipl\u00f4me \u2026 ! \u00bb<\/span><\/p>\n","protected":false},"excerpt":{"rendered":"<p>&nbsp; Les perles de 2018&#8230; Changement de m\u00e9dicament (certains comprim\u00e9s sont devenus des g\u00e9lules). Jos\u00e9 interpelle Myriam : \u00ab\u00a0Tu as mis des m\u00e9dicaments en plastique dans ma trousse ?\u00a0\u00bb Lucile est au resto italien avec Miguel et Jos\u00e9. les plats arrivent avec des feuilles de basilic en garniture. Jos\u00e9 : \u00ab\u00a0Oh, ils ont mis des [&hellip;]<\/p>\n","protected":false},"author":1,"featured_media":0,"parent":0,"menu_order":0,"comment_status":"closed","ping_status":"closed","template":"","meta":[],"yoast_head":"<!-- This site is optimized with the Yoast SEO plugin v18.4.1 - https:\/\/yoast.com\/wordpress\/plugins\/seo\/ -->\n<title>Les perles du Maillon - Le Maillon Asbl<\/title>\n<meta name=\"description\" content=\"Les meilleures phrases, extraits de conversations au Maillon. Certains dialogues sont de v\u00e9ritables petites perles !\" \/>\n<meta name=\"robots\" content=\"index, follow, max-snippet:-1, max-image-preview:large, max-video-preview:-1\" \/>\n<link rel=\"canonical\" href=\"https:\/\/www.maillon-gilly.be\/?page_id=157\" \/>\n<meta property=\"og:locale\" content=\"fr_FR\" \/>\n<meta property=\"og:type\" content=\"article\" \/>\n<meta property=\"og:title\" content=\"Les perles du Maillon - Le Maillon Asbl\" \/>\n<meta property=\"og:description\" content=\"Les meilleures phrases, extraits de conversations au Maillon. Certains dialogues sont de v\u00e9ritables petites perles !\" \/>\n<meta property=\"og:url\" content=\"https:\/\/www.maillon-gilly.be\/?page_id=157\" \/>\n<meta property=\"og:site_name\" content=\"Le Maillon Asbl\" \/>\n<meta property=\"article:modified_time\" content=\"2018-09-03T10:50:24+00:00\" \/>\n<meta name=\"twitter:label1\" content=\"Dur\u00e9e de lecture estim\u00e9e\" \/>\n\t<meta name=\"twitter:data1\" content=\"6 minutes\" \/>\n<script type=\"application\/ld+json\" class=\"yoast-schema-graph\">{\"@context\":\"https:\/\/schema.org\",\"@graph\":[{\"@type\":\"WebSite\",\"@id\":\"https:\/\/www.maillon-gilly.be\/#website\",\"url\":\"https:\/\/www.maillon-gilly.be\/\",\"name\":\"Le Maillon Asbl\",\"description\":\"Service r\u00e9sidentiel pour personnes adultes pr\u00e9sentant une d\u00e9ficience mentale\",\"potentialAction\":[{\"@type\":\"SearchAction\",\"target\":{\"@type\":\"EntryPoint\",\"urlTemplate\":\"https:\/\/www.maillon-gilly.be\/?s={search_term_string}\"},\"query-input\":\"required name=search_term_string\"}],\"inLanguage\":\"fr-FR\"},{\"@type\":\"WebPage\",\"@id\":\"https:\/\/www.maillon-gilly.be\/?page_id=157#webpage\",\"url\":\"https:\/\/www.maillon-gilly.be\/?page_id=157\",\"name\":\"Les perles du Maillon - Le Maillon Asbl\",\"isPartOf\":{\"@id\":\"https:\/\/www.maillon-gilly.be\/#website\"},\"datePublished\":\"2017-01-13T12:28:52+00:00\",\"dateModified\":\"2018-09-03T10:50:24+00:00\",\"description\":\"Les meilleures phrases, extraits de conversations au Maillon. Certains dialogues sont de v\u00e9ritables petites perles !\",\"breadcrumb\":{\"@id\":\"https:\/\/www.maillon-gilly.be\/?page_id=157#breadcrumb\"},\"inLanguage\":\"fr-FR\",\"potentialAction\":[{\"@type\":\"ReadAction\",\"target\":[\"https:\/\/www.maillon-gilly.be\/?page_id=157\"]}]},{\"@type\":\"BreadcrumbList\",\"@id\":\"https:\/\/www.maillon-gilly.be\/?page_id=157#breadcrumb\",\"itemListElement\":[{\"@type\":\"ListItem\",\"position\":1,\"name\":\"Accueil\",\"item\":\"https:\/\/www.maillon-gilly.be\/\"},{\"@type\":\"ListItem\",\"position\":2,\"name\":\"Les perles du Maillon\"}]}]}<\/script>\n<!-- \/ Yoast SEO plugin. -->","yoast_head_json":{"title":"Les perles du Maillon - Le Maillon Asbl","description":"Les meilleures phrases, extraits de conversations au Maillon. Certains dialogues sont de v\u00e9ritables petites perles !","robots":{"index":"index","follow":"follow","max-snippet":"max-snippet:-1","max-image-preview":"max-image-preview:large","max-video-preview":"max-video-preview:-1"},"canonical":"https:\/\/www.maillon-gilly.be\/?page_id=157","og_locale":"fr_FR","og_type":"article","og_title":"Les perles du Maillon - Le Maillon Asbl","og_description":"Les meilleures phrases, extraits de conversations au Maillon. Certains dialogues sont de v\u00e9ritables petites perles !","og_url":"https:\/\/www.maillon-gilly.be\/?page_id=157","og_site_name":"Le Maillon Asbl","article_modified_time":"2018-09-03T10:50:24+00:00","twitter_misc":{"Dur\u00e9e de lecture estim\u00e9e":"6 minutes"},"schema":{"@context":"https:\/\/schema.org","@graph":[{"@type":"WebSite","@id":"https:\/\/www.maillon-gilly.be\/#website","url":"https:\/\/www.maillon-gilly.be\/","name":"Le Maillon Asbl","description":"Service r\u00e9sidentiel pour personnes adultes pr\u00e9sentant une d\u00e9ficience mentale","potentialAction":[{"@type":"SearchAction","target":{"@type":"EntryPoint","urlTemplate":"https:\/\/www.maillon-gilly.be\/?s={search_term_string}"},"query-input":"required name=search_term_string"}],"inLanguage":"fr-FR"},{"@type":"WebPage","@id":"https:\/\/www.maillon-gilly.be\/?page_id=157#webpage","url":"https:\/\/www.maillon-gilly.be\/?page_id=157","name":"Les perles du Maillon - Le Maillon Asbl","isPartOf":{"@id":"https:\/\/www.maillon-gilly.be\/#website"},"datePublished":"2017-01-13T12:28:52+00:00","dateModified":"2018-09-03T10:50:24+00:00","description":"Les meilleures phrases, extraits de conversations au Maillon. Certains dialogues sont de v\u00e9ritables petites perles !","breadcrumb":{"@id":"https:\/\/www.maillon-gilly.be\/?page_id=157#breadcrumb"},"inLanguage":"fr-FR","potentialAction":[{"@type":"ReadAction","target":["https:\/\/www.maillon-gilly.be\/?page_id=157"]}]},{"@type":"BreadcrumbList","@id":"https:\/\/www.maillon-gilly.be\/?page_id=157#breadcrumb","itemListElement":[{"@type":"ListItem","position":1,"name":"Accueil","item":"https:\/\/www.maillon-gilly.be\/"},{"@type":"ListItem","position":2,"name":"Les perles du Maillon"}]}]}},"_links":{"self":[{"href":"https:\/\/www.maillon-gilly.be\/index.php?rest_route=\/wp\/v2\/pages\/157"}],"collection":[{"href":"https:\/\/www.maillon-gilly.be\/index.php?rest_route=\/wp\/v2\/pages"}],"about":[{"href":"https:\/\/www.maillon-gilly.be\/index.php?rest_route=\/wp\/v2\/types\/page"}],"author":[{"embeddable":true,"href":"https:\/\/www.maillon-gilly.be\/index.php?rest_route=\/wp\/v2\/users\/1"}],"replies":[{"embeddable":true,"href":"https:\/\/www.maillon-gilly.be\/index.php?rest_route=%2Fwp%2Fv2%2Fcomments&post=157"}],"version-history":[{"count":11,"href":"https:\/\/www.maillon-gilly.be\/index.php?rest_route=\/wp\/v2\/pages\/157\/revisions"}],"predecessor-version":[{"id":358,"href":"https:\/\/www.maillon-gilly.be\/index.php?rest_route=\/wp\/v2\/pages\/157\/revisions\/358"}],"wp:attachment":[{"href":"https:\/\/www.maillon-gilly.be\/index.php?rest_route=%2Fwp%2Fv2%2Fmedia&parent=157"}],"curies":[{"name":"wp","href":"https:\/\/api.w.org\/{rel}","templated":true}]}}