{"id":163,"date":"2017-01-13T13:46:42","date_gmt":"2017-01-13T12:46:42","guid":{"rendered":"http:\/\/www.jardinature.net\/wordp\/?page_id=163"},"modified":"2026-04-03T17:43:28","modified_gmt":"2026-04-03T15:43:28","slug":"journal","status":"publish","type":"page","link":"https:\/\/www.maillon-gilly.be\/?page_id=163","title":{"rendered":"Journal"},"content":{"rendered":"<p align=\"center\"><img loading=\"lazy\" src=\"images\/Journal_titre.gif\" width=\"518\" height=\"80\" border=\"0\"><\/p>\n<p align=\"center\"><span style=\"font-size: large;\">P\u00e9riodique trimestriel<\/span><\/p>\n<p align=\"center\"><span style=\"font-size: medium;\"><i>Cliquez sur le lien pour t\u00e9l\u00e9charger le document PDF<\/i><\/span><\/p>\n<p align=\"center\"><span style=\"font-size: large;\"><a href=\"http:\/\/www.maillon-gilly.be\/docum\/Ptitmaillon80.pdf\" target=\"_blank\" rel=\"noopener noreferrer\"><span style=\"color: #0066cc;\">Le P&rsquo;tit Maillon n\u00b080 Oct\/Nov\/Dec 2025<\/span><\/a><\/span><\/p>\n<p align=\"center\"><span style=\"font-size: large;\"><a href=\"http:\/\/www.maillon-gilly.be\/docum\/Ptitmaillon79.pdf\" target=\"_blank\" rel=\"noopener noreferrer\"><span style=\"color: #0066cc;\">Le P&rsquo;tit Maillon n\u00b079 Juil\/Ao\u00fbt\/Sept 2025<\/span><\/a><\/span><\/p>\n<p align=\"center\"><span style=\"font-size: large;\"><a href=\"http:\/\/www.maillon-gilly.be\/docum\/Ptitmaillon71.pdf\" target=\"_blank\" rel=\"noopener noreferrer\"><span style=\"color: #0066cc;\">Le P&rsquo;tit Maillon n\u00b071 Juin\/Juil\/Ao\u00fbt 2023<\/span><\/a><\/span><\/p>\n<p align=\"center\"><span style=\"font-size: large;\"><u>Archives<\/u><\/span><\/p>\n<p align=\"center\"><span style=\"color: #0066cc; font-size: large;\"><a href=\"http:\/\/www.maillon-gilly.be\/docum\/Ptitmaillon70.pdf\" target=\"_blank\" rel=\"noopener noreferrer\">Le P&rsquo;tit Maillon n\u00b070 Fev\/Mars\/Avril 2023<\/a><\/span><\/p>\n<p align=\"center\"><span style=\"color: #0066cc; font-size: large;\"><a href=\"http:\/\/www.maillon-gilly.be\/docum\/Ptitmaillon69.pdf\" target=\"_blank\" rel=\"noopener noreferrer\">Le P&rsquo;tit Maillon n\u00b069 Nov\/Dec\/Janv 2023<\/a><\/span><\/p>\n<p align=\"center\"><span style=\"color: #0066cc; font-size: large;\"><a href=\"http:\/\/www.maillon-gilly.be\/docum\/Ptitmaillon68.pdf\" target=\"_blank\" rel=\"noopener noreferrer\">Le P&rsquo;tit Maillon n\u00b068 Juin\/Juil\/Ao\u00fbt 2022<\/a><\/span><\/p>\n<p align=\"center\"><span style=\"color: #0066cc; font-size: large;\"><a href=\"http:\/\/www.maillon-gilly.be\/docum\/Ptitmaillon67.pdf\" target=\"_blank\" rel=\"noopener noreferrer\">Le P&rsquo;tit Maillon n\u00b067 Janv\/Fev\/Mars 2022<\/a><\/span><\/p>\n<p align=\"center\"><span style=\"color: #0066cc; font-size: large;\"><a href=\"http:\/\/www.maillon-gilly.be\/docum\/Ptitmaillon66.pdf\" target=\"_blank\" rel=\"noopener noreferrer\">Le P&rsquo;tit Maillon n\u00b066 Juin\/Juil\/Ao\u00fbt 2021<\/a><\/span><\/p>\n<p align=\"center\"><span style=\"color: #0066cc; font-size: large;\"><a href=\"http:\/\/www.maillon-gilly.be\/docum\/Ptitmaillon65.pdf\" target=\"_blank\" rel=\"noopener noreferrer\">Le P&rsquo;tit Maillon n\u00b065 Janv\/Fev\/Mars 2021<\/a><\/span><\/p>\n<p align=\"center\"><span style=\"color: #0066cc; font-size: large;\"><a href=\"http:\/\/www.maillon-gilly.be\/docum\/Ptitmaillon64.pdf\" target=\"_blank\" rel=\"noopener noreferrer\">Le P&rsquo;tit Maillon n\u00b064 Mai\/Juin\/Juil 2020<\/a><\/span><\/p>\n","protected":false},"excerpt":{"rendered":"<p>P\u00e9riodique trimestriel Cliquez sur le lien pour t\u00e9l\u00e9charger le document PDF Le P&rsquo;tit Maillon n\u00b080 Oct\/Nov\/Dec 2025 Le P&rsquo;tit Maillon n\u00b079 Juil\/Ao\u00fbt\/Sept 2025 Le P&rsquo;tit Maillon n\u00b071 Juin\/Juil\/Ao\u00fbt 2023 Archives Le P&rsquo;tit Maillon n\u00b070 Fev\/Mars\/Avril 2023 Le P&rsquo;tit Maillon n\u00b069 Nov\/Dec\/Janv 2023 Le P&rsquo;tit Maillon n\u00b068 Juin\/Juil\/Ao\u00fbt 2022 Le P&rsquo;tit Maillon n\u00b067 Janv\/Fev\/Mars 2022 Le [&hellip;]<\/p>\n","protected":false},"author":1,"featured_media":0,"parent":0,"menu_order":0,"comment_status":"closed","ping_status":"closed","template":"","meta":[],"yoast_head":"<!-- This site is optimized with the Yoast SEO plugin v18.4.1 - https:\/\/yoast.com\/wordpress\/plugins\/seo\/ -->\n<title>Journal - Le Maillon Asbl<\/title>\n<meta name=\"description\" content=\"P\u00e9riodique trimestriel disponible en t\u00e9l\u00e9chargement au format PDF. Le journal du Maillon est aussi envoy\u00e9 aux abonn\u00e9s via la poste belge.\" \/>\n<meta name=\"robots\" content=\"index, follow, max-snippet:-1, max-image-preview:large, max-video-preview:-1\" \/>\n<link rel=\"canonical\" href=\"https:\/\/www.maillon-gilly.be\/?page_id=163\" \/>\n<meta property=\"og:locale\" content=\"fr_FR\" \/>\n<meta property=\"og:type\" content=\"article\" \/>\n<meta property=\"og:title\" content=\"Journal - Le Maillon Asbl\" \/>\n<meta property=\"og:description\" content=\"P\u00e9riodique trimestriel disponible en t\u00e9l\u00e9chargement au format PDF. Le journal du Maillon est aussi envoy\u00e9 aux abonn\u00e9s via la poste belge.\" \/>\n<meta property=\"og:url\" content=\"https:\/\/www.maillon-gilly.be\/?page_id=163\" \/>\n<meta property=\"og:site_name\" content=\"Le Maillon Asbl\" \/>\n<meta property=\"article:modified_time\" content=\"2026-04-03T15:43:28+00:00\" \/>\n<meta property=\"og:image\" content=\"http:\/\/images\/Journal_titre.gif\" \/>\n<meta name=\"twitter:label1\" content=\"Dur\u00e9e de lecture estim\u00e9e\" \/>\n\t<meta name=\"twitter:data1\" content=\"1 minute\" \/>\n<script type=\"application\/ld+json\" class=\"yoast-schema-graph\">{\"@context\":\"https:\/\/schema.org\",\"@graph\":[{\"@type\":\"WebSite\",\"@id\":\"https:\/\/www.maillon-gilly.be\/#website\",\"url\":\"https:\/\/www.maillon-gilly.be\/\",\"name\":\"Le Maillon Asbl\",\"description\":\"Service r\u00e9sidentiel pour personnes adultes pr\u00e9sentant une d\u00e9ficience mentale\",\"potentialAction\":[{\"@type\":\"SearchAction\",\"target\":{\"@type\":\"EntryPoint\",\"urlTemplate\":\"https:\/\/www.maillon-gilly.be\/?s={search_term_string}\"},\"query-input\":\"required name=search_term_string\"}],\"inLanguage\":\"fr-FR\"},{\"@type\":\"ImageObject\",\"@id\":\"https:\/\/www.maillon-gilly.be\/?page_id=163#primaryimage\",\"inLanguage\":\"fr-FR\",\"url\":\"images\/Journal_titre.gif\",\"contentUrl\":\"images\/Journal_titre.gif\"},{\"@type\":\"WebPage\",\"@id\":\"https:\/\/www.maillon-gilly.be\/?page_id=163#webpage\",\"url\":\"https:\/\/www.maillon-gilly.be\/?page_id=163\",\"name\":\"Journal - Le Maillon Asbl\",\"isPartOf\":{\"@id\":\"https:\/\/www.maillon-gilly.be\/#website\"},\"primaryImageOfPage\":{\"@id\":\"https:\/\/www.maillon-gilly.be\/?page_id=163#primaryimage\"},\"datePublished\":\"2017-01-13T12:46:42+00:00\",\"dateModified\":\"2026-04-03T15:43:28+00:00\",\"description\":\"P\u00e9riodique trimestriel disponible en t\u00e9l\u00e9chargement au format PDF. Le journal du Maillon est aussi envoy\u00e9 aux abonn\u00e9s via la poste belge.\",\"breadcrumb\":{\"@id\":\"https:\/\/www.maillon-gilly.be\/?page_id=163#breadcrumb\"},\"inLanguage\":\"fr-FR\",\"potentialAction\":[{\"@type\":\"ReadAction\",\"target\":[\"https:\/\/www.maillon-gilly.be\/?page_id=163\"]}]},{\"@type\":\"BreadcrumbList\",\"@id\":\"https:\/\/www.maillon-gilly.be\/?page_id=163#breadcrumb\",\"itemListElement\":[{\"@type\":\"ListItem\",\"position\":1,\"name\":\"Accueil\",\"item\":\"https:\/\/www.maillon-gilly.be\/\"},{\"@type\":\"ListItem\",\"position\":2,\"name\":\"Journal\"}]}]}<\/script>\n<!-- \/ Yoast SEO plugin. -->","yoast_head_json":{"title":"Journal - Le Maillon Asbl","description":"P\u00e9riodique trimestriel disponible en t\u00e9l\u00e9chargement au format PDF. Le journal du Maillon est aussi envoy\u00e9 aux abonn\u00e9s via la poste belge.","robots":{"index":"index","follow":"follow","max-snippet":"max-snippet:-1","max-image-preview":"max-image-preview:large","max-video-preview":"max-video-preview:-1"},"canonical":"https:\/\/www.maillon-gilly.be\/?page_id=163","og_locale":"fr_FR","og_type":"article","og_title":"Journal - Le Maillon Asbl","og_description":"P\u00e9riodique trimestriel disponible en t\u00e9l\u00e9chargement au format PDF. Le journal du Maillon est aussi envoy\u00e9 aux abonn\u00e9s via la poste belge.","og_url":"https:\/\/www.maillon-gilly.be\/?page_id=163","og_site_name":"Le Maillon Asbl","article_modified_time":"2026-04-03T15:43:28+00:00","og_image":[{"url":"images\/Journal_titre.gif"}],"twitter_misc":{"Dur\u00e9e de lecture estim\u00e9e":"1 minute"},"schema":{"@context":"https:\/\/schema.org","@graph":[{"@type":"WebSite","@id":"https:\/\/www.maillon-gilly.be\/#website","url":"https:\/\/www.maillon-gilly.be\/","name":"Le Maillon Asbl","description":"Service r\u00e9sidentiel pour personnes adultes pr\u00e9sentant une d\u00e9ficience mentale","potentialAction":[{"@type":"SearchAction","target":{"@type":"EntryPoint","urlTemplate":"https:\/\/www.maillon-gilly.be\/?s={search_term_string}"},"query-input":"required name=search_term_string"}],"inLanguage":"fr-FR"},{"@type":"ImageObject","@id":"https:\/\/www.maillon-gilly.be\/?page_id=163#primaryimage","inLanguage":"fr-FR","url":"images\/Journal_titre.gif","contentUrl":"images\/Journal_titre.gif"},{"@type":"WebPage","@id":"https:\/\/www.maillon-gilly.be\/?page_id=163#webpage","url":"https:\/\/www.maillon-gilly.be\/?page_id=163","name":"Journal - Le Maillon Asbl","isPartOf":{"@id":"https:\/\/www.maillon-gilly.be\/#website"},"primaryImageOfPage":{"@id":"https:\/\/www.maillon-gilly.be\/?page_id=163#primaryimage"},"datePublished":"2017-01-13T12:46:42+00:00","dateModified":"2026-04-03T15:43:28+00:00","description":"P\u00e9riodique trimestriel disponible en t\u00e9l\u00e9chargement au format PDF. Le journal du Maillon est aussi envoy\u00e9 aux abonn\u00e9s via la poste belge.","breadcrumb":{"@id":"https:\/\/www.maillon-gilly.be\/?page_id=163#breadcrumb"},"inLanguage":"fr-FR","potentialAction":[{"@type":"ReadAction","target":["https:\/\/www.maillon-gilly.be\/?page_id=163"]}]},{"@type":"BreadcrumbList","@id":"https:\/\/www.maillon-gilly.be\/?page_id=163#breadcrumb","itemListElement":[{"@type":"ListItem","position":1,"name":"Accueil","item":"https:\/\/www.maillon-gilly.be\/"},{"@type":"ListItem","position":2,"name":"Journal"}]}]}},"_links":{"self":[{"href":"https:\/\/www.maillon-gilly.be\/index.php?rest_route=\/wp\/v2\/pages\/163"}],"collection":[{"href":"https:\/\/www.maillon-gilly.be\/index.php?rest_route=\/wp\/v2\/pages"}],"about":[{"href":"https:\/\/www.maillon-gilly.be\/index.php?rest_route=\/wp\/v2\/types\/page"}],"author":[{"embeddable":true,"href":"https:\/\/www.maillon-gilly.be\/index.php?rest_route=\/wp\/v2\/users\/1"}],"replies":[{"embeddable":true,"href":"https:\/\/www.maillon-gilly.be\/index.php?rest_route=%2Fwp%2Fv2%2Fcomments&post=163"}],"version-history":[{"count":27,"href":"https:\/\/www.maillon-gilly.be\/index.php?rest_route=\/wp\/v2\/pages\/163\/revisions"}],"predecessor-version":[{"id":553,"href":"https:\/\/www.maillon-gilly.be\/index.php?rest_route=\/wp\/v2\/pages\/163\/revisions\/553"}],"wp:attachment":[{"href":"https:\/\/www.maillon-gilly.be\/index.php?rest_route=%2Fwp%2Fv2%2Fmedia&parent=163"}],"curies":[{"name":"wp","href":"https:\/\/api.w.org\/{rel}","templated":true}]}}