{"id":2,"date":"2017-01-12T14:18:28","date_gmt":"2017-01-12T13:18:28","guid":{"rendered":"http:\/\/jardinature.net\/wordp\/?page_id=2"},"modified":"2026-04-03T17:15:37","modified_gmt":"2026-04-03T15:15:37","slug":"accueil","status":"publish","type":"page","link":"https:\/\/www.maillon-gilly.be\/","title":{"rendered":"Accueil"},"content":{"rendered":"<p align=\"center\"><span style=\"color: #800000; font-size: large;\">Le Maillon, maison d&rsquo;h\u00e9bergement pour personnes handicap\u00e9es mentales adultes \u00ab\u00a0travailleurs et non travailleurs\u00a0\u00bb, est une cr\u00e9ation de l&rsquo;Association de la R\u00e9gion de Charleroi pour l&rsquo;Aide aux Handicap\u00e9s Mentaux.<\/span><\/p>\n<p align=\"center\"><img loading=\"lazy\" class=\"alignnone size-full wp-image-233\" src=\"https:\/\/www.maillon-gilly.be\/wp-content\/uploads\/2017\/01\/maillon_atelier1.jpg\" alt=\"\" width=\"200\" height=\"200\" srcset=\"https:\/\/www.maillon-gilly.be\/wp-content\/uploads\/2017\/01\/maillon_atelier1.jpg 200w, https:\/\/www.maillon-gilly.be\/wp-content\/uploads\/2017\/01\/maillon_atelier1-150x150.jpg 150w\" sizes=\"(max-width: 200px) 100vw, 200px\" \/><\/p>\n<p align=\"center\"><i><span style=\"font-size: large;\">Le Maillon offre un milieu de vie accueillant. Son action premi\u00e8re est de permettre \u00e0 des personnes handicap\u00e9es de trouver un foyer et d&rsquo;y rester, s&rsquo;ils le d\u00e9sirent, jusqu&rsquo;\u00e0 la fin de leur vie.<\/span><\/i><\/p>\n<p align=\"center\"><span style=\"font-size: large;\"><a href=\"?page_id=153\" target=\"_top\" rel=\"noopener\">L&rsquo;\u00e9quipe<\/a><\/span><\/p>\n<p align=\"center\"><img loading=\"lazy\" class=\"alignnone size-full wp-image-236\" src=\"https:\/\/www.maillon-gilly.be\/wp-content\/uploads\/2017\/01\/maillon_symbole2.jpg\" alt=\"\" width=\"200\" height=\"200\" srcset=\"https:\/\/www.maillon-gilly.be\/wp-content\/uploads\/2017\/01\/maillon_symbole2.jpg 200w, https:\/\/www.maillon-gilly.be\/wp-content\/uploads\/2017\/01\/maillon_symbole2-150x150.jpg 150w\" sizes=\"(max-width: 200px) 100vw, 200px\" \/><\/p>\n<p align=\"center\"><span style=\"font-size: large;\"><a href=\"?page_id=157\" target=\"_top\" rel=\"noopener\">Les perles du Maillon !<\/a><\/span><\/p>\n<p align=\"center\"><img loading=\"lazy\" class=\"alignnone size-full wp-image-235\" src=\"https:\/\/www.maillon-gilly.be\/wp-content\/uploads\/2017\/01\/maillon_residence4.jpg\" alt=\"\" width=\"200\" height=\"200\" srcset=\"https:\/\/www.maillon-gilly.be\/wp-content\/uploads\/2017\/01\/maillon_residence4.jpg 200w, https:\/\/www.maillon-gilly.be\/wp-content\/uploads\/2017\/01\/maillon_residence4-150x150.jpg 150w\" sizes=\"(max-width: 200px) 100vw, 200px\" \/><\/p>\n<p align=\"center\"><i><span style=\"font-size: large;\">Ce foyer est aussi un tremplin vers une vie plus autonome dans la maison, mais aussi et parfois vers une r\u00e9insertion dans la vie active.<\/span><\/i><\/p>\n<p align=\"center\"><a href=\"?page_id=163\" target=\"_top\" rel=\"noopener\"><span style=\"font-size: large;\">Le Journal<\/span><\/a><\/p>\n<p align=\"center\"><span style=\"font-size: large;\"><a href=\"?page_id=168\" target=\"_top\" rel=\"noopener noreferrer\"><span style=\"color: #0066cc;\">Vignoble du Maillon<\/span><\/a> &#8211; Confr\u00e9rie du Clos du Maillon<\/span><\/p>\n<p align=\"center\"><span style=\"font-size: large;\"><i>Besoin d&rsquo;un renseignement, n&rsquo;h\u00e9sitez pas \u00e0 nous contacter !<\/i><\/span><\/p>\n<p align=\"center\"><span style=\"font-size: large;\">Soutenez-nous ! &gt;&gt;&gt; <a href=\"?p=112\" target=\"_top\" rel=\"&gt;&lt;span style= noopener\" color:=\"\">Legs en duo<\/a><\/span>&nbsp;<\/p>\n<p align=\"center\"><span style=\"font-size: large;\"><i>Visitez aussi notre page Facebook :&nbsp;<a href=\"https:\/\/www.facebook.com\/LeMaillonAsbl\/\" target=\"_blank\" rel=\"noopener noreferrer\">Facebook.com\/LeMaillonAsbl\/<\/a><\/i><\/span><\/p>\n","protected":false},"excerpt":{"rendered":"<p>Le Maillon, maison d&rsquo;h\u00e9bergement pour personnes handicap\u00e9es mentales adultes \u00ab\u00a0travailleurs et non travailleurs\u00a0\u00bb, est une cr\u00e9ation de l&rsquo;Association de la R\u00e9gion de Charleroi pour l&rsquo;Aide aux Handicap\u00e9s Mentaux. Le Maillon offre un milieu de vie accueillant. Son action premi\u00e8re est de permettre \u00e0 des personnes handicap\u00e9es de trouver un foyer et d&rsquo;y rester, s&rsquo;ils le [&hellip;]<\/p>\n","protected":false},"author":1,"featured_media":0,"parent":0,"menu_order":0,"comment_status":"closed","ping_status":"closed","template":"","meta":[],"yoast_head":"<!-- This site is optimized with the Yoast SEO plugin v18.4.1 - https:\/\/yoast.com\/wordpress\/plugins\/seo\/ -->\n<title>Service r\u00e9sidentiel pour personnes adultes pr\u00e9sentant une d\u00e9ficience mentale - Le Maillon Asbl<\/title>\n<meta name=\"description\" content=\"Le Maillon, maison d&#039;h\u00e9bergement pour personnes handicap\u00e9es mentales adultes travailleurs et non travailleurs.\" \/>\n<meta name=\"robots\" content=\"index, follow, max-snippet:-1, max-image-preview:large, max-video-preview:-1\" \/>\n<link rel=\"canonical\" href=\"https:\/\/www.maillon-gilly.be\/\" \/>\n<meta property=\"og:locale\" content=\"fr_FR\" \/>\n<meta property=\"og:type\" content=\"article\" \/>\n<meta property=\"og:title\" content=\"Service r\u00e9sidentiel pour personnes adultes pr\u00e9sentant une d\u00e9ficience mentale - Le Maillon Asbl\" \/>\n<meta property=\"og:description\" content=\"Le Maillon, maison d&#039;h\u00e9bergement pour personnes handicap\u00e9es mentales adultes travailleurs et non travailleurs.\" \/>\n<meta property=\"og:url\" content=\"https:\/\/www.maillon-gilly.be\/\" \/>\n<meta property=\"og:site_name\" content=\"Le Maillon Asbl\" \/>\n<meta property=\"article:modified_time\" content=\"2026-04-03T15:15:37+00:00\" \/>\n<meta property=\"og:image\" content=\"https:\/\/www.maillon-gilly.be\/wp-content\/uploads\/2017\/01\/maillon_atelier1.jpg\" \/>\n<meta name=\"twitter:label1\" content=\"Dur\u00e9e de lecture estim\u00e9e\" \/>\n\t<meta name=\"twitter:data1\" content=\"2 minutes\" \/>\n<script type=\"application\/ld+json\" class=\"yoast-schema-graph\">{\"@context\":\"https:\/\/schema.org\",\"@graph\":[{\"@type\":\"WebSite\",\"@id\":\"https:\/\/www.maillon-gilly.be\/#website\",\"url\":\"https:\/\/www.maillon-gilly.be\/\",\"name\":\"Le Maillon Asbl\",\"description\":\"Service r\u00e9sidentiel pour personnes adultes pr\u00e9sentant une d\u00e9ficience mentale\",\"potentialAction\":[{\"@type\":\"SearchAction\",\"target\":{\"@type\":\"EntryPoint\",\"urlTemplate\":\"https:\/\/www.maillon-gilly.be\/?s={search_term_string}\"},\"query-input\":\"required name=search_term_string\"}],\"inLanguage\":\"fr-FR\"},{\"@type\":\"ImageObject\",\"@id\":\"https:\/\/www.maillon-gilly.be\/#primaryimage\",\"inLanguage\":\"fr-FR\",\"url\":\"https:\/\/www.maillon-gilly.be\/wp-content\/uploads\/2017\/01\/maillon_atelier1.jpg\",\"contentUrl\":\"https:\/\/www.maillon-gilly.be\/wp-content\/uploads\/2017\/01\/maillon_atelier1.jpg\",\"width\":200,\"height\":200},{\"@type\":\"WebPage\",\"@id\":\"https:\/\/www.maillon-gilly.be\/#webpage\",\"url\":\"https:\/\/www.maillon-gilly.be\/\",\"name\":\"Service r\u00e9sidentiel pour personnes adultes pr\u00e9sentant une d\u00e9ficience mentale - Le Maillon Asbl\",\"isPartOf\":{\"@id\":\"https:\/\/www.maillon-gilly.be\/#website\"},\"primaryImageOfPage\":{\"@id\":\"https:\/\/www.maillon-gilly.be\/#primaryimage\"},\"datePublished\":\"2017-01-12T13:18:28+00:00\",\"dateModified\":\"2026-04-03T15:15:37+00:00\",\"description\":\"Le Maillon, maison d'h\u00e9bergement pour personnes handicap\u00e9es mentales adultes travailleurs et non travailleurs.\",\"breadcrumb\":{\"@id\":\"https:\/\/www.maillon-gilly.be\/#breadcrumb\"},\"inLanguage\":\"fr-FR\",\"potentialAction\":[{\"@type\":\"ReadAction\",\"target\":[\"https:\/\/www.maillon-gilly.be\/\"]}]},{\"@type\":\"BreadcrumbList\",\"@id\":\"https:\/\/www.maillon-gilly.be\/#breadcrumb\",\"itemListElement\":[{\"@type\":\"ListItem\",\"position\":1,\"name\":\"Accueil\",\"item\":\"https:\/\/www.maillon-gilly.be\/\"},{\"@type\":\"ListItem\",\"position\":2,\"name\":\"Accueil\"}]}]}<\/script>\n<!-- \/ Yoast SEO plugin. -->","yoast_head_json":{"title":"Service r\u00e9sidentiel pour personnes adultes pr\u00e9sentant une d\u00e9ficience mentale - Le Maillon Asbl","description":"Le Maillon, maison d'h\u00e9bergement pour personnes handicap\u00e9es mentales adultes travailleurs et non travailleurs.","robots":{"index":"index","follow":"follow","max-snippet":"max-snippet:-1","max-image-preview":"max-image-preview:large","max-video-preview":"max-video-preview:-1"},"canonical":"https:\/\/www.maillon-gilly.be\/","og_locale":"fr_FR","og_type":"article","og_title":"Service r\u00e9sidentiel pour personnes adultes pr\u00e9sentant une d\u00e9ficience mentale - Le Maillon Asbl","og_description":"Le Maillon, maison d'h\u00e9bergement pour personnes handicap\u00e9es mentales adultes travailleurs et non travailleurs.","og_url":"https:\/\/www.maillon-gilly.be\/","og_site_name":"Le Maillon Asbl","article_modified_time":"2026-04-03T15:15:37+00:00","og_image":[{"url":"https:\/\/www.maillon-gilly.be\/wp-content\/uploads\/2017\/01\/maillon_atelier1.jpg"}],"twitter_misc":{"Dur\u00e9e de lecture estim\u00e9e":"2 minutes"},"schema":{"@context":"https:\/\/schema.org","@graph":[{"@type":"WebSite","@id":"https:\/\/www.maillon-gilly.be\/#website","url":"https:\/\/www.maillon-gilly.be\/","name":"Le Maillon Asbl","description":"Service r\u00e9sidentiel pour personnes adultes pr\u00e9sentant une d\u00e9ficience mentale","potentialAction":[{"@type":"SearchAction","target":{"@type":"EntryPoint","urlTemplate":"https:\/\/www.maillon-gilly.be\/?s={search_term_string}"},"query-input":"required name=search_term_string"}],"inLanguage":"fr-FR"},{"@type":"ImageObject","@id":"https:\/\/www.maillon-gilly.be\/#primaryimage","inLanguage":"fr-FR","url":"https:\/\/www.maillon-gilly.be\/wp-content\/uploads\/2017\/01\/maillon_atelier1.jpg","contentUrl":"https:\/\/www.maillon-gilly.be\/wp-content\/uploads\/2017\/01\/maillon_atelier1.jpg","width":200,"height":200},{"@type":"WebPage","@id":"https:\/\/www.maillon-gilly.be\/#webpage","url":"https:\/\/www.maillon-gilly.be\/","name":"Service r\u00e9sidentiel pour personnes adultes pr\u00e9sentant une d\u00e9ficience mentale - Le Maillon Asbl","isPartOf":{"@id":"https:\/\/www.maillon-gilly.be\/#website"},"primaryImageOfPage":{"@id":"https:\/\/www.maillon-gilly.be\/#primaryimage"},"datePublished":"2017-01-12T13:18:28+00:00","dateModified":"2026-04-03T15:15:37+00:00","description":"Le Maillon, maison d'h\u00e9bergement pour personnes handicap\u00e9es mentales adultes travailleurs et non travailleurs.","breadcrumb":{"@id":"https:\/\/www.maillon-gilly.be\/#breadcrumb"},"inLanguage":"fr-FR","potentialAction":[{"@type":"ReadAction","target":["https:\/\/www.maillon-gilly.be\/"]}]},{"@type":"BreadcrumbList","@id":"https:\/\/www.maillon-gilly.be\/#breadcrumb","itemListElement":[{"@type":"ListItem","position":1,"name":"Accueil","item":"https:\/\/www.maillon-gilly.be\/"},{"@type":"ListItem","position":2,"name":"Accueil"}]}]}},"_links":{"self":[{"href":"https:\/\/www.maillon-gilly.be\/index.php?rest_route=\/wp\/v2\/pages\/2"}],"collection":[{"href":"https:\/\/www.maillon-gilly.be\/index.php?rest_route=\/wp\/v2\/pages"}],"about":[{"href":"https:\/\/www.maillon-gilly.be\/index.php?rest_route=\/wp\/v2\/types\/page"}],"author":[{"embeddable":true,"href":"https:\/\/www.maillon-gilly.be\/index.php?rest_route=\/wp\/v2\/users\/1"}],"replies":[{"embeddable":true,"href":"https:\/\/www.maillon-gilly.be\/index.php?rest_route=%2Fwp%2Fv2%2Fcomments&post=2"}],"version-history":[{"count":61,"href":"https:\/\/www.maillon-gilly.be\/index.php?rest_route=\/wp\/v2\/pages\/2\/revisions"}],"predecessor-version":[{"id":544,"href":"https:\/\/www.maillon-gilly.be\/index.php?rest_route=\/wp\/v2\/pages\/2\/revisions\/544"}],"wp:attachment":[{"href":"https:\/\/www.maillon-gilly.be\/index.php?rest_route=%2Fwp%2Fv2%2Fmedia&parent=2"}],"curies":[{"name":"wp","href":"https:\/\/api.w.org\/{rel}","templated":true}]}}

<p align="center"><span style="color: #800000; font-size: large;">Le Maillon, maison d&rsquo;hébergement pour personnes handicapées mentales adultes « travailleurs et non travailleurs », est une création de l&rsquo;Association de la Région de Charleroi pour l&rsquo;Aide aux Handicapés Mentaux.</span></p>
<p align="center"><img loading="lazy" class="alignnone size-full wp-image-233" src="https://www.maillon-gilly.be/wp-content/uploads/2017/01/maillon_atelier1.jpg" alt="" width="200" height="200" srcset="https://www.maillon-gilly.be/wp-content/uploads/2017/01/maillon_atelier1.jpg 200w, https://www.maillon-gilly.be/wp-content/uploads/2017/01/maillon_atelier1-150x150.jpg 150w" sizes="(max-width: 200px) 100vw, 200px" /></p>
<p align="center"><i><span style="font-size: large;">Le Maillon offre un milieu de vie accueillant. Son action première est de permettre à des personnes handicapées de trouver un foyer et d&rsquo;y rester, s&rsquo;ils le désirent, jusqu&rsquo;à la fin de leur vie.</span></i></p>
<p align="center"><span style="font-size: large;"><a href="?page_id=153" target="_top" rel="noopener">L&rsquo;équipe</a></span></p>
<p align="center"><img loading="lazy" class="alignnone size-full wp-image-236" src="https://www.maillon-gilly.be/wp-content/uploads/2017/01/maillon_symbole2.jpg" alt="" width="200" height="200" srcset="https://www.maillon-gilly.be/wp-content/uploads/2017/01/maillon_symbole2.jpg 200w, https://www.maillon-gilly.be/wp-content/uploads/2017/01/maillon_symbole2-150x150.jpg 150w" sizes="(max-width: 200px) 100vw, 200px" /></p>
<p align="center"><span style="font-size: large;"><a href="?page_id=157" target="_top" rel="noopener">Les perles du Maillon !</a></span></p>
<p align="center"><img loading="lazy" class="alignnone size-full wp-image-235" src="https://www.maillon-gilly.be/wp-content/uploads/2017/01/maillon_residence4.jpg" alt="" width="200" height="200" srcset="https://www.maillon-gilly.be/wp-content/uploads/2017/01/maillon_residence4.jpg 200w, https://www.maillon-gilly.be/wp-content/uploads/2017/01/maillon_residence4-150x150.jpg 150w" sizes="(max-width: 200px) 100vw, 200px" /></p>
<p align="center"><i><span style="font-size: large;">Ce foyer est aussi un tremplin vers une vie plus autonome dans la maison, mais aussi et parfois vers une réinsertion dans la vie active.</span></i></p>
<p align="center"><a href="?page_id=163" target="_top" rel="noopener"><span style="font-size: large;">Le Journal</span></a></p>
<p align="center"><span style="font-size: large;"><a href="?page_id=168" target="_top" rel="noopener noreferrer"><span style="color: #0066cc;">Vignoble du Maillon</span></a> &#8211; Confrérie du Clos du Maillon</span></p>
<p align="center"><span style="font-size: large;"><i>Besoin d&rsquo;un renseignement, n&rsquo;hésitez pas à nous contacter !</i></span></p>
<p align="center"><span style="font-size: large;">Soutenez-nous ! &gt;&gt;&gt; <a href="?p=112" target="_top" rel="&gt;&lt;span style= noopener" color:="">Legs en duo</a></span>&nbsp;</p>
<p align="center"><span style="font-size: large;"><i>Visitez aussi notre page Facebook :&nbsp;<a href="https://www.facebook.com/LeMaillonAsbl/" target="_blank" rel="noopener noreferrer">Facebook.com/LeMaillonAsbl/</a></i></span></p>

<p>Le Maillon, maison d&rsquo;hébergement pour personnes handicapées mentales adultes « travailleurs et non travailleurs », est une création de l&rsquo;Association de la Région de Charleroi pour l&rsquo;Aide aux Handicapés Mentaux. Le Maillon offre un milieu de vie accueillant. Son action première est de permettre à des personnes handicapées de trouver un foyer et d&rsquo;y rester, s&rsquo;ils le [&hellip;]</p>

<!-- This site is optimized with the Yoast SEO plugin v18.4.1 - https://yoast.com/wordpress/plugins/seo/ -->
<title>Service résidentiel pour personnes adultes présentant une déficience mentale - Le Maillon Asbl</title>
<meta name="description" content="Le Maillon, maison d&#039;hébergement pour personnes handicapées mentales adultes travailleurs et non travailleurs." />
<meta name="robots" content="index, follow, max-snippet:-1, max-image-preview:large, max-video-preview:-1" />
<link rel="canonical" href="https://www.maillon-gilly.be/" />
<meta property="og:locale" content="fr_FR" />
<meta property="og:type" content="article" />
<meta property="og:title" content="Service résidentiel pour personnes adultes présentant une déficience mentale - Le Maillon Asbl" />
<meta property="og:description" content="Le Maillon, maison d&#039;hébergement pour personnes handicapées mentales adultes travailleurs et non travailleurs." />
<meta property="og:url" content="https://www.maillon-gilly.be/" />
<meta property="og:site_name" content="Le Maillon Asbl" />
<meta property="article:modified_time" content="2026-04-03T15:15:37+00:00" />
<meta property="og:image" content="https://www.maillon-gilly.be/wp-content/uploads/2017/01/maillon_atelier1.jpg" />
<meta name="twitter:label1" content="Durée de lecture estimée" />
	<meta name="twitter:data1" content="2 minutes" />
<script type="application/ld+json" class="yoast-schema-graph">{"@context":"https://schema.org","@graph":[{"@type":"WebSite","@id":"https://www.maillon-gilly.be/#website","url":"https://www.maillon-gilly.be/","name":"Le Maillon Asbl","description":"Service résidentiel pour personnes adultes présentant une déficience mentale","potentialAction":[{"@type":"SearchAction","target":{"@type":"EntryPoint","urlTemplate":"https://www.maillon-gilly.be/?s={search_term_string}"},"query-input":"required name=search_term_string"}],"inLanguage":"fr-FR"},{"@type":"ImageObject","@id":"https://www.maillon-gilly.be/#primaryimage","inLanguage":"fr-FR","url":"https://www.maillon-gilly.be/wp-content/uploads/2017/01/maillon_atelier1.jpg","contentUrl":"https://www.maillon-gilly.be/wp-content/uploads/2017/01/maillon_atelier1.jpg","width":200,"height":200},{"@type":"WebPage","@id":"https://www.maillon-gilly.be/#webpage","url":"https://www.maillon-gilly.be/","name":"Service résidentiel pour personnes adultes présentant une déficience mentale - Le Maillon Asbl","isPartOf":{"@id":"https://www.maillon-gilly.be/#website"},"primaryImageOfPage":{"@id":"https://www.maillon-gilly.be/#primaryimage"},"datePublished":"2017-01-12T13:18:28+00:00","dateModified":"2026-04-03T15:15:37+00:00","description":"Le Maillon, maison d'hébergement pour personnes handicapées mentales adultes travailleurs et non travailleurs.","breadcrumb":{"@id":"https://www.maillon-gilly.be/#breadcrumb"},"inLanguage":"fr-FR","potentialAction":[{"@type":"ReadAction","target":["https://www.maillon-gilly.be/"]}]},{"@type":"BreadcrumbList","@id":"https://www.maillon-gilly.be/#breadcrumb","itemListElement":[{"@type":"ListItem","position":1,"name":"Accueil","item":"https://www.maillon-gilly.be/"},{"@type":"ListItem","position":2,"name":"Accueil"}]}]}</script>
<!-- / Yoast SEO plugin. -->

Service résidentiel pour personnes adultes présentant une déficience mentale - Le Maillon Asbl

Le Maillon, maison d'hébergement pour personnes handicapées mentales adultes travailleurs et non travailleurs.

Service résidentiel pour personnes adultes présentant une déficience mentale
